{"id":496,"date":"2017-02-01T23:15:50","date_gmt":"2017-02-01T23:15:50","guid":{"rendered":"http:\/\/tommustester.wpengine.com\/?page_id=496"},"modified":"2022-06-21T12:39:05","modified_gmt":"2022-06-21T10:39:05","slug":"que-es-pactem-nord","status":"publish","type":"page","link":"https:\/\/borradorproyectos.es\/pactem\/que-es-pactem-nord\/","title":{"rendered":"\u00bfQu\u00e9 es Pactem Nord?"},"content":{"rendered":"<p>[vc_section full_width=\u00bbstretch_row\u00bb parallax=\u00bbcontent-moving\u00bb parallax_image=\u00bb3810&#8243;][vc_row][vc_column width=\u00bb1\/4&#8243;][\/vc_column][vc_column width=\u00bb1\/2&#8243;][vc_column_text css=\u00bb.vc_custom_1593690800415{padding-top: 85px !important;padding-bottom: 55px !important;}\u00bb]<\/p>\n<h1 class=\"tit1\">\u00bfQu\u00e9 es Pactem Nord?<\/h1>\n<p>[\/vc_column_text][\/vc_column][vc_column width=\u00bb1\/4&#8243;][\/vc_column][\/vc_row][\/vc_section][vc_row css=\u00bb.vc_custom_1486491049900{padding-top: 100px !important;}\u00bb][vc_column width=\u00bb6\/12&#8243;][vc_column_text css=\u00bb.vc_custom_1593689364963{margin-bottom: 30px !important;}\u00bb]<\/p>\n<h2>\u00bfQu\u00e9 es Pactem Nord?<\/h2>\n<p>[\/vc_column_text][vc_row_inner css=\u00bb.vc_custom_1594200070204{margin-bottom: 15px !important;padding-left: 20px !important;}\u00bb][vc_column_inner width=\u00bb1\/4&#8243;][vc_icon icon_fontawesome=\u00bbfas fa-users\u00bb color=\u00bbcustom\u00bb size=\u00bblg\u00bb custom_color=\u00bb#8d1e2f\u00bb][\/vc_column_inner][vc_column_inner width=\u00bb3\/4&#8243;][vc_column_text]<\/p>\n<h5>QUI\u00c9NES SOMOS<\/h5>\n<p><span style=\"font-weight: 400;\">El Consorcio Pactem Nord es la entidad p\u00fablica encargada de la gesti\u00f3n del Pacto Territorial para la Creaci\u00f3n de Empleo en l\u2019Horta Nord, firmado en 2001. Lo integran los ayuntamientos de esta comarca, los sindicatos m\u00e1s representativos y las asociaciones empresariales del territorio ASIVALCO y AUPIM.<\/span>[\/vc_column_text][\/vc_column_inner][\/vc_row_inner][vc_separator css=\u00bb.vc_custom_1594200132484{padding-top: 15px !important;padding-bottom: 25px !important;}\u00bb][vc_row_inner css=\u00bb.vc_custom_1594200063815{margin-top: 15px !important;padding-left: 20px !important;}\u00bb][vc_column_inner width=\u00bb1\/4&#8243;][vc_icon icon_fontawesome=\u00bbfas fa-expand\u00bb color=\u00bbcustom\u00bb size=\u00bblg\u00bb custom_color=\u00bb#8d1e2f\u00bb][\/vc_column_inner][vc_column_inner width=\u00bb3\/4&#8243;][vc_column_text]<\/p>\n<h5>L\u00cdNEAS DE ACTUACI\u00d3N<\/h5>\n<p><span style=\"font-weight: 400;\">La entidad tiene como cometido fundamental promover el desarrollo comarcal y el apoyo a las personas desempleadas con m\u00e1s dificultades para acceder al mercado de trabajo.<\/span><\/p>\n<p><span style=\"font-weight: 400;\">Asimismo, son ejes prioritarios la promoci\u00f3n econ\u00f3mica, la igualdad de oportunidades, el conocimiento del territorio y el fomento de la corresponsabilidad.<\/span>[\/vc_column_text][\/vc_column_inner][\/vc_row_inner][\/vc_column][vc_column width=\u00bb1\/12&#8243;][\/vc_column][vc_column width=\u00bb5\/12&#8243; css=\u00bb.vc_custom_1593689743649{margin-top: -55px !important;}\u00bb][vc_single_image image=\u00bb3584&#8243; img_size=\u00bbfull\u00bb el_class=\u00bbborder&#8211;round box-shadow-wide\u00bb][vc_empty_space height=\u00bb45px\u00bb][\/vc_column][\/vc_row][vc_section el_class=\u00bbbg&#8211;secondary\u00bb][vc_row][vc_column width=\u00bb1\/6&#8243;][\/vc_column][vc_column width=\u00bb2\/3&#8243;][vc_column_text]<\/p>\n<h2 style=\"text-align: center;\">L\u00edneas de acci\u00f3n<\/h2>\n<p style=\"text-align: center;\">El Consorcio Pactem Nord, es un organismo p\u00fablico creado en octubre de 2001 para la gesti\u00f3n del Pacto Territorial para la Creaci\u00f3n de Empleo PACTEM NORD en l\u2019Horta Nord<\/p>\n<p>[\/vc_column_text][\/vc_column][vc_column width=\u00bb1\/6&#8243;][\/vc_column][\/vc_row][vc_row gap=\u00bb35&#8243; equal_height=\u00bbyes\u00bb css=\u00bb.vc_custom_1601639578329{padding-top: 100px !important;}\u00bb][vc_column width=\u00bb1\/4&#8243; css=\u00bb.vc_custom_1601639348313{padding: 30px !important;border: 2px solid #000000 !important;}\u00bb][vc_icon icon_fontawesome=\u00bbfas fa-chart-bar\u00bb color=\u00bbblack\u00bb align=\u00bbcenter\u00bb][vc_column_text css=\u00bb.vc_custom_1601897172469{padding-top: 20px !important;padding-right: 20px !important;padding-bottom: 20px !important;padding-left: 20px !important;}\u00bb el_class=\u00bbminitext\u00bb]<\/p>\n<h4 style=\"text-align: center;\">Realidad econ\u00f3mica y social<\/h4>\n<p style=\"text-align: center;\">Conocer la realidad econ\u00f3mica y social de los municipios que forman parte del Pacto Territorial para analizar las nuevas oportunidades para la creaci\u00f3n de empleo, empresas y fomentar la inserci\u00f3n laboral<\/p>\n<p>[\/vc_column_text][\/vc_column][vc_column width=\u00bb1\/4&#8243; css=\u00bb.vc_custom_1601639512110{padding: 30px !important;border: 2px solid #000000 !important;}\u00bb][vc_icon icon_fontawesome=\u00bbfas fa-university\u00bb color=\u00bbblack\u00bb align=\u00bbcenter\u00bb][vc_column_text css=\u00bb.vc_custom_1651488680849{padding-top: 20px !important;padding-right: 20px !important;padding-bottom: 20px !important;padding-left: 20px !important;}\u00bb el_class=\u00bbminitext\u00bb]<\/p>\n<h4 style=\"text-align: center;\">Pol\u00edticas de formaci\u00f3n<\/h4>\n<p style=\"text-align: center;\">Trabajar en la coordinaci\u00f3n de las pol\u00edticas y programas de formaci\u00f3n y promoci\u00f3n del empleo con el objetivo de mejorar la sinergia entre los recursos p\u00fablicos y privados, y<span style=\"font-weight: 400;\">\u00a0la cooperaci\u00f3n entre el mundo acad\u00e9mico y empresarial<\/span><\/p>\n<p>[\/vc_column_text][\/vc_column][vc_column width=\u00bb1\/4&#8243; css=\u00bb.vc_custom_1601639526503{padding: 30px !important;border: 2px solid #000000 !important;}\u00bb][vc_icon icon_fontawesome=\u00bbfas fa-briefcase\u00bb color=\u00bbblack\u00bb align=\u00bbcenter\u00bb][vc_column_text css=\u00bb.vc_custom_1651488707790{padding-top: 20px !important;padding-right: 20px !important;padding-bottom: 20px !important;padding-left: 20px !important;}\u00bb el_class=\u00bbminitext\u00bb]<\/p>\n<h4 style=\"text-align: center;\">Creaci\u00f3n de empleo<\/h4>\n<p style=\"text-align: center;\">Dise\u00f1ar y poner en marcha acciones, programas y proyectos destinados a la creaci\u00f3n de empleo y la inserci\u00f3n laboral, el fomento de las iniciativas empresariales para el desarrollo de las peque\u00f1as y medianas empresas de los municipios firmantes, y<span style=\"font-weight: 400;\">\u00a0la cooperaci\u00f3n entre el mundo acad\u00e9mico y empresarial<\/span><\/p>\n<p>[\/vc_column_text][\/vc_column][vc_column width=\u00bb1\/4&#8243; css=\u00bb.vc_custom_1601639567383{border-top-width: 2px !important;border-right-width: 2px !important;border-bottom-width: 2px !important;border-left-width: 2px !important;padding-top: 30px !important;padding-right: 30px !important;padding-bottom: 30px !important;padding-left: 30px !important;border-left-color: #000000 !important;border-left-style: solid !important;border-right-color: #000000 !important;border-right-style: solid !important;border-top-color: #000000 !important;border-top-style: solid !important;border-bottom-color: #000000 !important;border-bottom-style: solid !important;}\u00bb][vc_icon icon_fontawesome=\u00bbfas fa-shapes\u00bb color=\u00bbblack\u00bb align=\u00bbcenter\u00bb][vc_column_text css=\u00bb.vc_custom_1651488726049{padding-top: 20px !important;padding-right: 20px !important;padding-bottom: 20px !important;padding-left: 20px !important;}\u00bb el_class=\u00bbminitext\u00bb]<\/p>\n<h4 style=\"text-align: center;\">Metodolog\u00eda<\/h4>\n<p style=\"text-align: center;\">Compartir metodolog\u00edas de intervenci\u00f3n, experiencias y recursos para la creaci\u00f3n de empleo. <span style=\"font-weight: 400;\">Investigaci\u00f3n y desarrollo de metodolog\u00edas.<\/span><\/p>\n<p>[\/vc_column_text][\/vc_column][\/vc_row][vc_row gap=\u00bb35&#8243; equal_height=\u00bbyes\u00bb css=\u00bb.vc_custom_1601639582503{padding-top: 100px !important;}\u00bb][vc_column width=\u00bb1\/4&#8243; css=\u00bb.vc_custom_1601639348313{padding: 30px !important;border: 2px solid #000000 !important;}\u00bb][vc_icon icon_fontawesome=\u00bbfar fa-handshake\u00bb color=\u00bbblack\u00bb align=\u00bbcenter\u00bb][vc_column_text css=\u00bb.vc_custom_1651488762724{padding-top: 20px !important;padding-right: 20px !important;padding-bottom: 20px !important;padding-left: 20px !important;}\u00bb el_class=\u00bbminitext\u00bb]<\/p>\n<h4 style=\"text-align: center;\">Estabilidad laboral<\/h4>\n<p style=\"text-align: center;\">Generar y consolidar empleos en la comarca para garantizar la estabilidad laboral de la poblaci\u00f3n. <span style=\"font-weight: 400;\">Mejora de las condiciones laborales. <\/span><span style=\"font-weight: 400;\">Aunar esfuerzos para lograr un mercado laboral m\u00e1s integrador y corresponsable socialmente<\/span><\/p>\n<p>[\/vc_column_text][\/vc_column][vc_column width=\u00bb1\/4&#8243; css=\u00bb.vc_custom_1601639512110{padding: 30px !important;border: 2px solid #000000 !important;}\u00bb][vc_icon icon_fontawesome=\u00bbfas fa-home\u00bb color=\u00bbblack\u00bb align=\u00bbcenter\u00bb][vc_column_text css=\u00bb.vc_custom_1601897717741{padding-top: 20px !important;padding-right: 20px !important;padding-bottom: 20px !important;padding-left: 20px !important;}\u00bb el_class=\u00bbminitext\u00bb]<\/p>\n<h4 style=\"text-align: center;\">Compromiso local<\/h4>\n<p style=\"text-align: center;\">Los ayuntamientos, los sindicatos y las asociaciones empresariales quieren generar en la comarca de l\u2019Horta Nord mayores oportunidades de empleo y condiciones de igualdad desde la corresponsabilidad de sus actores<\/p>\n<p>[\/vc_column_text][\/vc_column][vc_column width=\u00bb1\/4&#8243; css=\u00bb.vc_custom_1601639526503{padding: 30px !important;border: 2px solid #000000 !important;}\u00bb][vc_icon icon_fontawesome=\u00bbfas fa-globe\u00bb color=\u00bbblack\u00bb align=\u00bbcenter\u00bb][vc_column_text css=\u00bb.vc_custom_1651488812809{padding-top: 20px !important;padding-right: 20px !important;padding-bottom: 20px !important;padding-left: 20px !important;}\u00bb el_class=\u00bbminitext\u00bb]<\/p>\n<h4 style=\"text-align: center;\">Corresponsabilidad territorial<\/h4>\n<p style=\"text-align: center;\">Potenciamos el territorio, la corresponsabilidad territorial. <span style=\"font-weight: 400;\">Trabajamos para lograr la participaci\u00f3n activa de todas las entidades, instituciones y empresas implicadas en avanzar hacia una sociedad m\u00e1s corresponsable.<\/span><\/p>\n<p>[\/vc_column_text][\/vc_column][vc_column width=\u00bb1\/4&#8243; css=\u00bb.vc_custom_1601639573381{border-top-width: 2px !important;border-right-width: 2px !important;border-bottom-width: 2px !important;border-left-width: 2px !important;padding-top: 30px !important;padding-right: 30px !important;padding-bottom: 30px !important;padding-left: 30px !important;border-left-color: #000000 !important;border-left-style: solid !important;border-right-color: #000000 !important;border-right-style: solid !important;border-top-color: #000000 !important;border-top-style: solid !important;border-bottom-color: #000000 !important;border-bottom-style: solid !important;}\u00bb][vc_icon icon_fontawesome=\u00bbfas fa-industry\u00bb color=\u00bbblack\u00bb align=\u00bbcenter\u00bb][vc_column_text css=\u00bb.vc_custom_1651488893886{padding-top: 20px !important;padding-right: 20px !important;padding-bottom: 20px !important;padding-left: 20px !important;}\u00bb el_class=\u00bbminitext\u00bb]<\/p>\n<h4 style=\"text-align: center;\">Vertebraci\u00f3n territorial<\/h4>\n<p style=\"text-align: center;\">Generamos iniciativas que propicien una mayor vertebraci\u00f3n territorial a trav\u00e9s del establecimiento de redes de cooperaci\u00f3n y el desarrollo de proyectos conjuntos que optimicen los recursos existentes<\/p>\n<p>[\/vc_column_text][\/vc_column][\/vc_row][\/vc_section][vc_row][vc_column][vc_column_text css=\u00bb.vc_custom_1605787204915{padding-top: 25px !important;}\u00bb]<\/p>\n<h3 class=\"p2\">Entidades que integran Pactem Nord<\/h3>\n<p>El consorcio para la creaci\u00f3n de empleo Pactem Nord, est\u00e1 integrado por las siguientes administraciones locales, asociaciones y sindicatos:[\/vc_column_text][vc_row_inner gap=\u00bb35&#8243;][vc_column_inner width=\u00bb1\/2&#8243; css=\u00bb.vc_custom_1605787299308{padding-top: 25px !important;padding-right: 25px !important;padding-bottom: 25px !important;padding-left: 25px !important;background-color: #eaeaea !important;}\u00bb][vc_column_text css=\u00bb.vc_custom_1655807939338{padding-top: 35px !important;padding-right: 35px !important;padding-bottom: 35px !important;padding-left: 35px !important;}\u00bb]<strong>Administraciones locales:<\/strong><\/p>\n<p><a href=\"http:\/\/www.albalatdelssorells.net\/es\/\" target=\"_blank\" rel=\"noopener\">Ayuntamiento de ALBALAT DELS SORELLS<\/a>, <a href=\"https:\/\/www.alboraya.es\/\" target=\"_blank\" rel=\"noopener\">Ayuntamiento de ALBORAYA<\/a>, <a href=\"https:\/\/albuixech.es\/\" target=\"_blank\" rel=\"noopener\">Ayuntamiento de ALBUIXECH<\/a>, <a href=\"https:\/\/www.alfaradelpatriarca.es\/es\/\" target=\"_blank\" rel=\"noopener\">Ayuntamiento de ALFARA DEL PATRIARCA<\/a>, <a href=\"https:\/\/www.almassera.es\/landing\" target=\"_blank\" rel=\"noopener\">Ayuntamiento de ALM\u00c0SSERA<\/a>,<br \/>\n<a href=\"https:\/\/www.bonreposimirambell.es\/va\" target=\"_blank\" rel=\"noopener\">Ayuntamiento de BONREP\u00d2S I MIRAMBELL<\/a>, <a href=\"https:\/\/www.burjassot.org\/\" target=\"_blank\" rel=\"noopener\">Ayuntamiento de BURJASSOT<\/a>, <a href=\"https:\/\/www.elpuig.es\/va\" target=\"_blank\" rel=\"noopener\">Ayuntamiento de EL PUIG<\/a>, <a href=\"https:\/\/www.emperador.es\/\" target=\"_blank\" rel=\"noopener\">Ayuntamiento de EMPERADOR<\/a>, <a href=\"https:\/\/www.foios.es\/\" target=\"_blank\" rel=\"noopener\">Ayuntamiento de FOIOS<\/a>, <a href=\"https:\/\/www.godella.es\/va\" target=\"_blank\" rel=\"noopener\">Ayuntamiento de GODELLA<\/a>, <a href=\"https:\/\/www.lapobladefarnals.es\/\" target=\"_blank\" rel=\"noopener\">Ayuntamiento de\u00a0 LA POBLA DE FARNALS<\/a>, <a href=\"https:\/\/www.massalfassar.es\/\" target=\"_blank\" rel=\"noopener\">Ayuntamiento de MASSALFASSAR<\/a>, <a href=\"https:\/\/www.massamagrell.es\/\" target=\"_blank\" rel=\"noopener\">Ayuntamiento de MASSAMAGRELL<\/a>, <a href=\"https:\/\/www.meliana.es\/\" target=\"_blank\" rel=\"noopener\">Ayuntamiento de MELIANA<\/a>, <a href=\"https:\/\/www.moncada.es\/va\" target=\"_blank\" rel=\"noopener\">Ayuntamiento de MONCADA<\/a>, <a href=\"https:\/\/museros.org\/inici\/es\/inicio\/\" target=\"_blank\" rel=\"noopener\">Ayuntamiento de MUSEROS<\/a>, <a href=\"https:\/\/www.paterna.es\/es\/\" target=\"_blank\" rel=\"noopener\">Ayuntamietno de PATERNA<\/a>, <a href=\"https:\/\/www.xn--puol-1oa.es\/\" target=\"_blank\" rel=\"noopener\">Ayuntamiento de PU\u00c7OL<\/a>, <a href=\"https:\/\/www.rafelbunyol.es\/\" target=\"_blank\" rel=\"noopener\">Ayuntamiento de RAFELBUNYOL<\/a>, <a href=\"https:\/\/www.rocafort.es\/\" target=\"_blank\" rel=\"noopener\">Ayuntamiento de ROCAFORT<\/a>, <a href=\"https:\/\/www.tavernesblanques.es\/\" target=\"_blank\" rel=\"noopener\">Ayuntamiento de TAVERNES\u00a0\u00a0 BLANQUES<\/a>, <a href=\"https:\/\/www.vinalesa.es\/va\" target=\"_blank\" rel=\"noopener\">Ayuntamiento de VINALESA<\/a>[\/vc_column_text][\/vc_column_inner][vc_column_inner width=\u00bb1\/2&#8243; css=\u00bb.vc_custom_1605787260225{padding: 25px !important;background-color: #eaeaea !important;}\u00bb][vc_column_text css=\u00bb.vc_custom_1605787387508{padding-top: 35px !important;padding-right: 35px !important;padding-bottom: 35px !important;padding-left: 35px !important;}\u00bb]<strong>Asociaciones empresariales y sindicatos:<\/strong><\/p>\n<p><a href=\"http:\/\/www.asivalco.org\/inicio\" target=\"_blank\" rel=\"noopener noreferrer\">ASIVALCO<\/a>, <a href=\"http:\/\/poligonomediterraneo.com\/\">AUPIM<\/a>, <a href=\"https:\/\/ccoo.upv.es\/\">CCOO<\/a>, <a href=\"http:\/\/www.ugt-pv.es\/\">UGT<\/a>, <a href=\"http:\/\/www.usocv.org\/\">USOCV<\/a>[\/vc_column_text][\/vc_column_inner][\/vc_row_inner][\/vc_column][\/vc_row]<\/p>\n","protected":false},"excerpt":{"rendered":"<p>[vc_section full_width=\u00bbstretch_row\u00bb parallax=\u00bbcontent-moving\u00bb parallax_image=\u00bb3810&#8243;][vc_row][vc_column width=\u00bb1\/4&#8243;][\/vc_column][vc_column width=\u00bb1\/2&#8243;][vc_column_text css=\u00bb.vc_custom_1593690800415{padding-top: 85px !important;padding-bottom: 55px !important;}\u00bb] \u00bfQu\u00e9 es Pactem Nord? [\/vc_column_text][\/vc_column][vc_column width=\u00bb1\/4&#8243;][\/vc_column][\/vc_row][\/vc_section][vc_row css=\u00bb.vc_custom_1486491049900{padding-top: 100px !important;}\u00bb][vc_column width=\u00bb6\/12&#8243;][vc_column_text css=\u00bb.vc_custom_1593689364963{margin-bottom:&#8230;<\/p>\n","protected":false},"author":1,"featured_media":0,"parent":0,"menu_order":0,"comment_status":"closed","ping_status":"closed","template":"","meta":[],"acf":[],"_links":{"self":[{"href":"https:\/\/borradorproyectos.es\/pactem\/wp-json\/wp\/v2\/pages\/496"}],"collection":[{"href":"https:\/\/borradorproyectos.es\/pactem\/wp-json\/wp\/v2\/pages"}],"about":[{"href":"https:\/\/borradorproyectos.es\/pactem\/wp-json\/wp\/v2\/types\/page"}],"author":[{"embeddable":true,"href":"https:\/\/borradorproyectos.es\/pactem\/wp-json\/wp\/v2\/users\/1"}],"replies":[{"embeddable":true,"href":"https:\/\/borradorproyectos.es\/pactem\/wp-json\/wp\/v2\/comments?post=496"}],"version-history":[{"count":70,"href":"https:\/\/borradorproyectos.es\/pactem\/wp-json\/wp\/v2\/pages\/496\/revisions"}],"predecessor-version":[{"id":4363,"href":"https:\/\/borradorproyectos.es\/pactem\/wp-json\/wp\/v2\/pages\/496\/revisions\/4363"}],"wp:attachment":[{"href":"https:\/\/borradorproyectos.es\/pactem\/wp-json\/wp\/v2\/media?parent=496"}],"curies":[{"name":"wp","href":"https:\/\/api.w.org\/{rel}","templated":true}]}}