{"id":18425,"date":"2021-06-16T13:35:51","date_gmt":"2021-06-16T11:35:51","guid":{"rendered":"http:\/\/kzgpruebas.es\/ECOTAXI\/?page_id=18425"},"modified":"2021-06-16T14:19:09","modified_gmt":"2021-06-16T12:19:09","slug":"tarifas","status":"publish","type":"page","link":"https:\/\/borradorproyectos.es\/ECOTAXI\/tarifas\/","title":{"rendered":"Tarifas"},"content":{"rendered":"\t\t<div data-elementor-type=\"wp-page\" data-elementor-id=\"18425\" class=\"elementor elementor-18425\">\n\t\t\t\t\t\t<div class=\"elementor-inner\">\n\t\t\t\t<div class=\"elementor-section-wrap\">\n\t\t\t\t\t\t\t\t\t<section class=\"elementor-section elementor-top-section elementor-element elementor-element-da672f7 elementor-section-boxed elementor-section-height-default elementor-section-height-default\" data-id=\"da672f7\" data-element_type=\"section\">\n\t\t\t\t\t\t<div class=\"elementor-container elementor-column-gap-default\">\n\t\t\t\t\t\t\t<div class=\"elementor-row\">\n\t\t\t\t\t<div class=\"elementor-column elementor-col-100 elementor-top-column elementor-element elementor-element-bbe3965\" data-id=\"bbe3965\" data-element_type=\"column\">\n\t\t\t<div class=\"elementor-column-wrap elementor-element-populated\">\n\t\t\t\t\t\t\t<div class=\"elementor-widget-wrap\">\n\t\t\t\t\t\t<div class=\"elementor-element elementor-element-f045f92 lte-heading-style-header-subheader elementor-widget elementor-widget-lte-header\" data-id=\"f045f92\" data-element_type=\"widget\" data-widget_type=\"lte-header.default\">\n\t\t\t\t<div class=\"elementor-widget-container\">\n\t\t\t<div class=\"lte-heading lte-style-header-subheader lte-underline lte-subcolor-main has-subheader heading-tag-h3 heading-subtag-h6\"><div class=\"lte-heading-content\"><h6 class=\"lte-subheader\">TARIFAS 2021<\/h6><h3 class=\"lte-header\">Nuestros veh\u00edculos aplican las tarifas oficiales aprobadas por la Generalitat Valenciana<\/h3><\/div><\/div>\t\t<\/div>\n\t\t\t\t<\/div>\n\t\t\t\t<div class=\"elementor-element elementor-element-561b24c elementor-widget elementor-widget-text-editor\" data-id=\"561b24c\" data-element_type=\"widget\" data-widget_type=\"text-editor.default\">\n\t\t\t\t<div class=\"elementor-widget-container\">\n\t\t\t\t\t\t\t\t<div class=\"elementor-text-editor elementor-clearfix\">\n\t\t\t\t<p>Los taxistas no podemos ni bajar ni subir tarifas, por tanto, nuestros precios no dependen de nosotros, siempre ser\u00e1n aproximados.<\/p>\n\n<p>A continuaci\u00f3n te explicamos cu\u00e1les son nuestros tipos de tarifa y su desglose de precio por kil\u00f3metro<\/p>\t\t\t\t\t<\/div>\n\t\t\t\t\t\t<\/div>\n\t\t\t\t<\/div>\n\t\t\t\t\t\t<\/div>\n\t\t\t\t\t<\/div>\n\t\t<\/div>\n\t\t\t\t\t\t\t\t<\/div>\n\t\t\t\t\t<\/div>\n\t\t<\/section>\n\t\t\t\t<section class=\"elementor-section elementor-top-section elementor-element elementor-element-ad15edc elementor-section-boxed elementor-section-height-default elementor-section-height-default\" data-id=\"ad15edc\" data-element_type=\"section\">\n\t\t\t\t\t\t<div class=\"elementor-container elementor-column-gap-default\">\n\t\t\t\t\t\t\t<div class=\"elementor-row\">\n\t\t\t\t\t<div class=\"elementor-column elementor-col-50 elementor-top-column elementor-element elementor-element-383adac\" data-id=\"383adac\" data-element_type=\"column\">\n\t\t\t<div class=\"elementor-column-wrap elementor-element-populated\">\n\t\t\t\t\t\t\t<div class=\"elementor-widget-wrap\">\n\t\t\t\t\t\t<div class=\"elementor-element elementor-element-8affdb8 lte-icons-align-center elementor-widget elementor-widget-lte-icons\" data-id=\"8affdb8\" data-element_type=\"widget\" data-widget_type=\"lte-icons.default\">\n\t\t\t\t<div class=\"elementor-widget-container\">\n\t\t\t<ul class=\"lte-block-icon has-descr  icons-count-1 lte-icon-space-md lte-icon-shape-default lte-icon-background-disabled lte-icon-border-disabled lte-icon-color-main lte-icon-divider-disabled lte-icon-inner-padding-no lte-icon-size-medium lte-header-color-default lte-icon-type-top lte-icon-align-center lte-hover-animation-yes layout-cols1 lte-additional-disabled\"><li class=\"col-xl-12 col-xs-12\"><div   class=\"lte-inner\"><i aria-hidden=\"true\" class=\"fas fa-city\"><\/i><span class=\"lte-icon-content\"> <span class=\"lte-header lte-span\"> TARIFA URBANA <\/span> <span class=\"lte-descr\">\u00c1rea de Valencia ciudad<\/span><\/span><\/div><\/li><\/ul>\t\t<\/div>\n\t\t\t\t<\/div>\n\t\t\t\t<div class=\"elementor-element elementor-element-5ab0ba0 elementor-widget-divider--view-line elementor-widget elementor-widget-divider\" data-id=\"5ab0ba0\" data-element_type=\"widget\" data-widget_type=\"divider.default\">\n\t\t\t\t<div class=\"elementor-widget-container\">\n\t\t\t\t\t<div class=\"elementor-divider\">\n\t\t\t<span class=\"elementor-divider-separator\">\n\t\t\t\t\t\t<\/span>\n\t\t<\/div>\n\t\t\t\t<\/div>\n\t\t\t\t<\/div>\n\t\t\t\t<section class=\"elementor-section elementor-inner-section elementor-element elementor-element-621a769 elementor-section-boxed elementor-section-height-default elementor-section-height-default\" data-id=\"621a769\" data-element_type=\"section\">\n\t\t\t\t\t\t<div class=\"elementor-container elementor-column-gap-default\">\n\t\t\t\t\t\t\t<div class=\"elementor-row\">\n\t\t\t\t\t<div class=\"elementor-column elementor-col-50 elementor-inner-column elementor-element elementor-element-b9dbc77\" data-id=\"b9dbc77\" data-element_type=\"column\">\n\t\t\t<div class=\"elementor-column-wrap elementor-element-populated\">\n\t\t\t\t\t\t\t<div class=\"elementor-widget-wrap\">\n\t\t\t\t\t\t<div class=\"elementor-element elementor-element-e486ba7 elementor-widget elementor-widget-lte-icons\" data-id=\"e486ba7\" data-element_type=\"widget\" data-widget_type=\"lte-icons.default\">\n\t\t\t\t<div class=\"elementor-widget-container\">\n\t\t\t<ul class=\"lte-block-icon has-descr  icons-count-1 lte-icon-space-md lte-icon-shape-default lte-icon-background-disabled lte-icon-border-disabled lte-icon-color-main lte-icon-divider-disabled lte-icon-inner-padding-no lte-icon-size-xsmall lte-header-color-default lte-icon-type-top lte-icon-align- lte-hover-animation-yes layout-cols1 lte-additional-disabled\"><li class=\"col-xl-12 col-xs-12\"><div   class=\"lte-inner\"><i aria-hidden=\"true\" class=\"fas fa-sun\"><\/i><span class=\"lte-icon-content\"> <span class=\"lte-header lte-span\"> Si viajas de d\u00eda <\/span> <span class=\"lte-descr\">De 07:00 de la ma\u00f1ana a 21:00 de la noche<\/span><\/span><\/div><\/li><\/ul>\t\t<\/div>\n\t\t\t\t<\/div>\n\t\t\t\t<div class=\"elementor-element elementor-element-57c9521 lte-heading-style-header-subheader elementor-widget elementor-widget-lte-header\" data-id=\"57c9521\" data-element_type=\"widget\" data-widget_type=\"lte-header.default\">\n\t\t\t\t<div class=\"elementor-widget-container\">\n\t\t\t<div class=\"lte-heading lte-style-header-subheader lte-subcolor-main has-subheader heading-tag-h3 heading-subtag-h6\"><div class=\"lte-heading-content\"><h6 class=\"lte-subheader\">TARIFA 1<\/h6><h3 class=\"lte-header\">1.08\u20ac\/km <br \/>\n+ <br \/>\n1.45\u20ac*<\/h3><\/div><\/div>\t\t<\/div>\n\t\t\t\t<\/div>\n\t\t\t\t<div class=\"elementor-element elementor-element-a1b64a2 elementor-widget elementor-widget-text-editor\" data-id=\"a1b64a2\" data-element_type=\"widget\" data-widget_type=\"text-editor.default\">\n\t\t\t\t<div class=\"elementor-widget-container\">\n\t\t\t\t\t\t\t\t<div class=\"elementor-text-editor elementor-clearfix\">\n\t\t\t\t<p>(bajada de bandera)<\/p>\t\t\t\t\t<\/div>\n\t\t\t\t\t\t<\/div>\n\t\t\t\t<\/div>\n\t\t\t\t\t\t<\/div>\n\t\t\t\t\t<\/div>\n\t\t<\/div>\n\t\t\t\t<div class=\"elementor-column elementor-col-50 elementor-inner-column elementor-element elementor-element-1fc3d9d\" data-id=\"1fc3d9d\" data-element_type=\"column\">\n\t\t\t<div class=\"elementor-column-wrap elementor-element-populated\">\n\t\t\t\t\t\t\t<div class=\"elementor-widget-wrap\">\n\t\t\t\t\t\t<div class=\"elementor-element elementor-element-b10ec41 elementor-widget elementor-widget-lte-icons\" data-id=\"b10ec41\" data-element_type=\"widget\" data-widget_type=\"lte-icons.default\">\n\t\t\t\t<div class=\"elementor-widget-container\">\n\t\t\t<ul class=\"lte-block-icon has-descr  icons-count-1 lte-icon-space-md lte-icon-shape-default lte-icon-background-disabled lte-icon-border-disabled lte-icon-color-main lte-icon-divider-disabled lte-icon-inner-padding-no lte-icon-size-xsmall lte-header-color-default lte-icon-type-top lte-icon-align- lte-hover-animation-yes layout-cols1 lte-additional-disabled\"><li class=\"col-xl-12 col-xs-12\"><div   class=\"lte-inner\"><i aria-hidden=\"true\" class=\"fas fa-moon\"><\/i><span class=\"lte-icon-content\"> <span class=\"lte-header lte-span\"> Si viajas de noche <\/span> <span class=\"lte-descr\">De 21:00 de la noche a 07:00 de la ma\u00f1ana<\/span><\/span><\/div><\/li><\/ul>\t\t<\/div>\n\t\t\t\t<\/div>\n\t\t\t\t<div class=\"elementor-element elementor-element-512e41f lte-heading-style-header-subheader elementor-widget elementor-widget-lte-header\" data-id=\"512e41f\" data-element_type=\"widget\" data-widget_type=\"lte-header.default\">\n\t\t\t\t<div class=\"elementor-widget-container\">\n\t\t\t<div class=\"lte-heading lte-style-header-subheader lte-subcolor-main has-subheader heading-tag-h3 heading-subtag-h6\"><div class=\"lte-heading-content\"><h6 class=\"lte-subheader\">TARIFA 2<\/h6><h3 class=\"lte-header\">1.18\u20ac\/km<br \/>\n+ <br \/>\n2.00\u20ac*<\/h3><\/div><\/div>\t\t<\/div>\n\t\t\t\t<\/div>\n\t\t\t\t<div class=\"elementor-element elementor-element-7b92473 elementor-widget elementor-widget-text-editor\" data-id=\"7b92473\" data-element_type=\"widget\" data-widget_type=\"text-editor.default\">\n\t\t\t\t<div class=\"elementor-widget-container\">\n\t\t\t\t\t\t\t\t<div class=\"elementor-text-editor elementor-clearfix\">\n\t\t\t\t<p>(bajada de bandera)<\/p>\t\t\t\t\t<\/div>\n\t\t\t\t\t\t<\/div>\n\t\t\t\t<\/div>\n\t\t\t\t\t\t<\/div>\n\t\t\t\t\t<\/div>\n\t\t<\/div>\n\t\t\t\t\t\t\t\t<\/div>\n\t\t\t\t\t<\/div>\n\t\t<\/section>\n\t\t\t\t\t\t<\/div>\n\t\t\t\t\t<\/div>\n\t\t<\/div>\n\t\t\t\t<div class=\"elementor-column elementor-col-50 elementor-top-column elementor-element elementor-element-e57afce\" data-id=\"e57afce\" data-element_type=\"column\">\n\t\t\t<div class=\"elementor-column-wrap elementor-element-populated\">\n\t\t\t\t\t\t\t<div class=\"elementor-widget-wrap\">\n\t\t\t\t\t\t<div class=\"elementor-element elementor-element-b54ecb9 lte-icons-align-center elementor-widget elementor-widget-lte-icons\" data-id=\"b54ecb9\" data-element_type=\"widget\" data-widget_type=\"lte-icons.default\">\n\t\t\t\t<div class=\"elementor-widget-container\">\n\t\t\t<ul class=\"lte-block-icon has-descr  icons-count-1 lte-icon-space-md lte-icon-shape-default lte-icon-background-disabled lte-icon-border-disabled lte-icon-color-main lte-icon-divider-disabled lte-icon-inner-padding-no lte-icon-size-medium lte-header-color-default lte-icon-type-top lte-icon-align-center lte-hover-animation-yes layout-cols1 lte-additional-disabled\"><li class=\"col-xl-12 col-xs-12\"><div   class=\"lte-inner\"><i aria-hidden=\"true\" class=\"fas fa-road\"><\/i><span class=\"lte-icon-content\"> <span class=\"lte-header lte-span\"> TARIFA INTERURBANA <\/span> <span class=\"lte-descr\">Si viajas fuera del \u00e1rea de Valencia<\/span><\/span><\/div><\/li><\/ul>\t\t<\/div>\n\t\t\t\t<\/div>\n\t\t\t\t<div class=\"elementor-element elementor-element-ba71145 elementor-widget-divider--view-line elementor-widget elementor-widget-divider\" data-id=\"ba71145\" data-element_type=\"widget\" data-widget_type=\"divider.default\">\n\t\t\t\t<div class=\"elementor-widget-container\">\n\t\t\t\t\t<div class=\"elementor-divider\">\n\t\t\t<span class=\"elementor-divider-separator\">\n\t\t\t\t\t\t<\/span>\n\t\t<\/div>\n\t\t\t\t<\/div>\n\t\t\t\t<\/div>\n\t\t\t\t<section class=\"elementor-section elementor-inner-section elementor-element elementor-element-7412d2f elementor-section-boxed elementor-section-height-default elementor-section-height-default\" data-id=\"7412d2f\" data-element_type=\"section\">\n\t\t\t\t\t\t<div class=\"elementor-container elementor-column-gap-default\">\n\t\t\t\t\t\t\t<div class=\"elementor-row\">\n\t\t\t\t\t<div class=\"elementor-column elementor-col-50 elementor-inner-column elementor-element elementor-element-a039041\" data-id=\"a039041\" data-element_type=\"column\">\n\t\t\t<div class=\"elementor-column-wrap elementor-element-populated\">\n\t\t\t\t\t\t\t<div class=\"elementor-widget-wrap\">\n\t\t\t\t\t\t<div class=\"elementor-element elementor-element-53995c6 elementor-widget elementor-widget-lte-icons\" data-id=\"53995c6\" data-element_type=\"widget\" data-widget_type=\"lte-icons.default\">\n\t\t\t\t<div class=\"elementor-widget-container\">\n\t\t\t<ul class=\"lte-block-icon has-descr  icons-count-1 lte-icon-space-md lte-icon-shape-default lte-icon-background-disabled lte-icon-border-disabled lte-icon-color-main lte-icon-divider-disabled lte-icon-inner-padding-no lte-icon-size-xsmall lte-header-color-default lte-icon-type-top lte-icon-align- lte-hover-animation-yes layout-cols1 lte-additional-disabled\"><li class=\"col-xl-12 col-xs-12\"><div   class=\"lte-inner\"><i aria-hidden=\"true\" class=\"fas fa-sun\"><\/i><span class=\"lte-icon-content\"> <span class=\"lte-header lte-span\"> Lunes a viernes de d\u00eda <\/span> <span class=\"lte-descr\">De 07:00 de la ma\u00f1ana a 21:00 de la noche<\/span><\/span><\/div><\/li><\/ul>\t\t<\/div>\n\t\t\t\t<\/div>\n\t\t\t\t<div class=\"elementor-element elementor-element-6227e3a lte-heading-style-header-subheader elementor-widget elementor-widget-lte-header\" data-id=\"6227e3a\" data-element_type=\"widget\" data-widget_type=\"lte-header.default\">\n\t\t\t\t<div class=\"elementor-widget-container\">\n\t\t\t<div class=\"lte-heading lte-style-header-subheader lte-subcolor-main has-subheader heading-tag-h3 heading-subtag-h6\"><div class=\"lte-heading-content\"><h6 class=\"lte-subheader\">TARIFA 1<\/h6><h3 class=\"lte-header\">1.20\u20ac\/km <br \/>\n+ <br \/>\n1.45\u20ac*<\/h3><\/div><\/div>\t\t<\/div>\n\t\t\t\t<\/div>\n\t\t\t\t<div class=\"elementor-element elementor-element-6e8874f elementor-widget elementor-widget-text-editor\" data-id=\"6e8874f\" data-element_type=\"widget\" data-widget_type=\"text-editor.default\">\n\t\t\t\t<div class=\"elementor-widget-container\">\n\t\t\t\t\t\t\t\t<div class=\"elementor-text-editor elementor-clearfix\">\n\t\t\t\t<p>(bajada de bandera)<\/p>\t\t\t\t\t<\/div>\n\t\t\t\t\t\t<\/div>\n\t\t\t\t<\/div>\n\t\t\t\t\t\t<\/div>\n\t\t\t\t\t<\/div>\n\t\t<\/div>\n\t\t\t\t<div class=\"elementor-column elementor-col-50 elementor-inner-column elementor-element elementor-element-c7d8cc2\" data-id=\"c7d8cc2\" data-element_type=\"column\">\n\t\t\t<div class=\"elementor-column-wrap elementor-element-populated\">\n\t\t\t\t\t\t\t<div class=\"elementor-widget-wrap\">\n\t\t\t\t\t\t<div class=\"elementor-element elementor-element-aa93d48 elementor-widget elementor-widget-lte-icons\" data-id=\"aa93d48\" data-element_type=\"widget\" data-widget_type=\"lte-icons.default\">\n\t\t\t\t<div class=\"elementor-widget-container\">\n\t\t\t<ul class=\"lte-block-icon has-descr  icons-count-1 lte-icon-space-md lte-icon-shape-default lte-icon-background-disabled lte-icon-border-disabled lte-icon-color-main lte-icon-divider-disabled lte-icon-inner-padding-no lte-icon-size-xsmall lte-header-color-default lte-icon-type-top lte-icon-align- lte-hover-animation-yes layout-cols1 lte-additional-disabled\"><li class=\"col-xl-12 col-xs-12\"><div   class=\"lte-inner\"><i aria-hidden=\"true\" class=\"fas fa-moon\"><\/i><span class=\"lte-icon-content\"> <span class=\"lte-header lte-span\"> Lunes a viernes de noche + fines de semana + festivos <\/span> <span class=\"lte-descr\">De 21:00 de la noche a 07:00 de la ma\u00f1ana<\/span><\/span><\/div><\/li><\/ul>\t\t<\/div>\n\t\t\t\t<\/div>\n\t\t\t\t<div class=\"elementor-element elementor-element-2f54318 lte-heading-style-header-subheader elementor-widget elementor-widget-lte-header\" data-id=\"2f54318\" data-element_type=\"widget\" data-widget_type=\"lte-header.default\">\n\t\t\t\t<div class=\"elementor-widget-container\">\n\t\t\t<div class=\"lte-heading lte-style-header-subheader lte-subcolor-main has-subheader heading-tag-h3 heading-subtag-h6\"><div class=\"lte-heading-content\"><h6 class=\"lte-subheader\">TARIFA 2<\/h6><h3 class=\"lte-header\">1.40\u20ac\/km <br \/>\n+ <br \/>\n2.00\u20ac*<\/h3><\/div><\/div>\t\t<\/div>\n\t\t\t\t<\/div>\n\t\t\t\t<div class=\"elementor-element elementor-element-6841170 elementor-widget elementor-widget-text-editor\" data-id=\"6841170\" data-element_type=\"widget\" data-widget_type=\"text-editor.default\">\n\t\t\t\t<div class=\"elementor-widget-container\">\n\t\t\t\t\t\t\t\t<div class=\"elementor-text-editor elementor-clearfix\">\n\t\t\t\t<p>(bajada de bandera)<\/p>\t\t\t\t\t<\/div>\n\t\t\t\t\t\t<\/div>\n\t\t\t\t<\/div>\n\t\t\t\t\t\t<\/div>\n\t\t\t\t\t<\/div>\n\t\t<\/div>\n\t\t\t\t\t\t\t\t<\/div>\n\t\t\t\t\t<\/div>\n\t\t<\/section>\n\t\t\t\t\t\t<\/div>\n\t\t\t\t\t<\/div>\n\t\t<\/div>\n\t\t\t\t\t\t\t\t<\/div>\n\t\t\t\t\t<\/div>\n\t\t<\/section>\n\t\t\t\t<section class=\"elementor-section elementor-top-section elementor-element elementor-element-fa4d9cb elementor-section-stretched elementor-section-boxed elementor-section-height-default elementor-section-height-default\" data-id=\"fa4d9cb\" data-element_type=\"section\" data-settings=\"{&quot;stretch_section&quot;:&quot;section-stretched&quot;,&quot;background_background&quot;:&quot;classic&quot;}\">\n\t\t\t\t\t\t<div class=\"elementor-container elementor-column-gap-default\">\n\t\t\t\t\t\t\t<div class=\"elementor-row\">\n\t\t\t\t\t<div class=\"elementor-column elementor-col-50 elementor-top-column elementor-element elementor-element-42bc07f\" data-id=\"42bc07f\" data-element_type=\"column\">\n\t\t\t<div class=\"elementor-column-wrap elementor-element-populated\">\n\t\t\t\t\t\t\t<div class=\"elementor-widget-wrap\">\n\t\t\t\t\t\t<div class=\"elementor-element elementor-element-c604cbe elementor-widget elementor-widget-image\" data-id=\"c604cbe\" data-element_type=\"widget\" data-widget_type=\"image.default\">\n\t\t\t\t<div class=\"elementor-widget-container\">\n\t\t\t\t\t\t\t\t<div class=\"elementor-image\">\n\t\t\t\t\t\t\t\t\t\t\t\t<img decoding=\"async\" width=\"1000\" height=\"550\" src=\"https:\/\/borradorproyectos.es\/ECOTAXI\/wp-content\/uploads\/2021\/06\/taxi-relajado.jpeg\" class=\"attachment-large size-large wp-image-18480\" alt=\"\" loading=\"lazy\" srcset=\"https:\/\/borradorproyectos.es\/ECOTAXI\/wp-content\/uploads\/2021\/06\/taxi-relajado.jpeg 1000w, https:\/\/borradorproyectos.es\/ECOTAXI\/wp-content\/uploads\/2021\/06\/taxi-relajado-300x165.jpeg 300w, https:\/\/borradorproyectos.es\/ECOTAXI\/wp-content\/uploads\/2021\/06\/taxi-relajado-768x422.jpeg 768w, https:\/\/borradorproyectos.es\/ECOTAXI\/wp-content\/uploads\/2021\/06\/taxi-relajado-800x440.jpeg 800w, https:\/\/borradorproyectos.es\/ECOTAXI\/wp-content\/uploads\/2021\/06\/taxi-relajado-480x264.jpeg 480w, https:\/\/borradorproyectos.es\/ECOTAXI\/wp-content\/uploads\/2021\/06\/taxi-relajado-600x330.jpeg 600w\" sizes=\"(max-width: 1000px) 100vw, 1000px\" \/>\t\t\t\t\t\t\t\t\t\t\t\t\t\t<\/div>\n\t\t\t\t\t\t<\/div>\n\t\t\t\t<\/div>\n\t\t\t\t\t\t<\/div>\n\t\t\t\t\t<\/div>\n\t\t<\/div>\n\t\t\t\t<div class=\"elementor-column elementor-col-50 elementor-top-column elementor-element elementor-element-7350779\" data-id=\"7350779\" data-element_type=\"column\">\n\t\t\t<div class=\"elementor-column-wrap elementor-element-populated\">\n\t\t\t\t\t\t\t<div class=\"elementor-widget-wrap\">\n\t\t\t\t\t\t<div class=\"elementor-element elementor-element-af0d724 lte-heading-style-header-subheader elementor-widget elementor-widget-lte-header\" data-id=\"af0d724\" data-element_type=\"widget\" data-widget_type=\"lte-header.default\">\n\t\t\t\t<div class=\"elementor-widget-container\">\n\t\t\t<div class=\"lte-heading lte-style-header-subheader lte-subcolor-main heading-tag-h3 heading-subtag-h6\"><div class=\"lte-heading-content\"><h3 class=\"lte-header\">Solicita tu taxi<\/h3><\/div><\/div>\t\t<\/div>\n\t\t\t\t<\/div>\n\t\t\t\t<div class=\"elementor-element elementor-element-77b39ad elementor-widget elementor-widget-text-editor\" data-id=\"77b39ad\" data-element_type=\"widget\" data-widget_type=\"text-editor.default\">\n\t\t\t\t<div class=\"elementor-widget-container\">\n\t\t\t\t\t\t\t\t<div class=\"elementor-text-editor elementor-clearfix\">\n\t\t\t\t<p>Cuando solicitas un taxi con nosotros ya sea por tel\u00e9fono, reserva web, app o radioemisora, se aplica un importe fijo:<\/p>\t\t\t\t\t<\/div>\n\t\t\t\t\t\t<\/div>\n\t\t\t\t<\/div>\n\t\t\t\t<div class=\"elementor-element elementor-element-161f532 elementor-widget elementor-widget-lte-button\" data-id=\"161f532\" data-element_type=\"widget\" data-widget_type=\"lte-button.default\">\n\t\t\t\t<div class=\"elementor-widget-container\">\n\t\t\t<div class=\"lte-btn-wrap\">\n\t<a href=\"\"  class=\"lte-btn btn-black color-hover-default\"><span class=\"lte-btn-inner\"><span class=\"lte-btn-before\"><\/span>4\u20ac<span class=\"lte-btn-after\"><\/span><\/span><\/a><\/div>\t\t<\/div>\n\t\t\t\t<\/div>\n\t\t\t\t<div class=\"elementor-element elementor-element-c5cebc9 elementor-widget elementor-widget-text-editor\" data-id=\"c5cebc9\" data-element_type=\"widget\" data-widget_type=\"text-editor.default\">\n\t\t\t\t<div class=\"elementor-widget-container\">\n\t\t\t\t\t\t\t\t<div class=\"elementor-text-editor elementor-clearfix\">\n\t\t\t\t<p>M\u00e1ximo de llegada (inclu\u00edda bajada de bandera*)<br \/>Y a partir de ahi, pasa a cobrar por km.<\/p>\t\t\t\t\t<\/div>\n\t\t\t\t\t\t<\/div>\n\t\t\t\t<\/div>\n\t\t\t\t\t\t<\/div>\n\t\t\t\t\t<\/div>\n\t\t<\/div>\n\t\t\t\t\t\t\t\t<\/div>\n\t\t\t\t\t<\/div>\n\t\t<\/section>\n\t\t\t\t\t\t\t\t\t<\/div>\n\t\t\t<\/div>\n\t\t\t\t\t<\/div>\n\t\t","protected":false},"excerpt":{"rendered":"<p>TARIFAS 2021 Nuestros veh\u00edculos aplican las tarifas oficiales aprobadas por la Generalitat Valenciana Los taxistas no podemos ni bajar ni subir tarifas, por tanto, nuestros precios no dependen de nosotros, siempre ser\u00e1n aproximados. A continuaci\u00f3n te explicamos cu\u00e1les son nuestros tipos de tarifa y su desglose de precio por kil\u00f3metro TARIFA URBANA \u00c1rea de Valencia [&hellip;]<\/p>\n","protected":false},"author":1,"featured_media":0,"parent":0,"menu_order":0,"comment_status":"closed","ping_status":"closed","template":"","meta":[],"_links":{"self":[{"href":"https:\/\/borradorproyectos.es\/ECOTAXI\/wp-json\/wp\/v2\/pages\/18425"}],"collection":[{"href":"https:\/\/borradorproyectos.es\/ECOTAXI\/wp-json\/wp\/v2\/pages"}],"about":[{"href":"https:\/\/borradorproyectos.es\/ECOTAXI\/wp-json\/wp\/v2\/types\/page"}],"author":[{"embeddable":true,"href":"https:\/\/borradorproyectos.es\/ECOTAXI\/wp-json\/wp\/v2\/users\/1"}],"replies":[{"embeddable":true,"href":"https:\/\/borradorproyectos.es\/ECOTAXI\/wp-json\/wp\/v2\/comments?post=18425"}],"version-history":[{"count":58,"href":"https:\/\/borradorproyectos.es\/ECOTAXI\/wp-json\/wp\/v2\/pages\/18425\/revisions"}],"predecessor-version":[{"id":18486,"href":"https:\/\/borradorproyectos.es\/ECOTAXI\/wp-json\/wp\/v2\/pages\/18425\/revisions\/18486"}],"wp:attachment":[{"href":"https:\/\/borradorproyectos.es\/ECOTAXI\/wp-json\/wp\/v2\/media?parent=18425"}],"curies":[{"name":"wp","href":"https:\/\/api.w.org\/{rel}","templated":true}]}}