{"id":18264,"date":"2021-06-15T14:37:08","date_gmt":"2021-06-15T12:37:08","guid":{"rendered":"http:\/\/kzgpruebas.es\/ECOTAXI\/?page_id=18264"},"modified":"2021-06-16T12:09:09","modified_gmt":"2021-06-16T10:09:09","slug":"servicios","status":"publish","type":"page","link":"https:\/\/borradorproyectos.es\/ECOTAXI\/servicios\/","title":{"rendered":"Servicios"},"content":{"rendered":"\t\t<div data-elementor-type=\"wp-page\" data-elementor-id=\"18264\" class=\"elementor elementor-18264\">\n\t\t\t\t\t\t<div class=\"elementor-inner\">\n\t\t\t\t<div class=\"elementor-section-wrap\">\n\t\t\t\t\t\t\t\t\t<section class=\"elementor-section elementor-top-section elementor-element elementor-element-418c885 elementor-section-full_width elementor-section-height-default elementor-section-height-default\" data-id=\"418c885\" data-element_type=\"section\">\n\t\t\t\t\t\t<div class=\"elementor-container elementor-column-gap-no\">\n\t\t\t\t\t\t\t<div class=\"elementor-row\">\n\t\t\t\t\t<div class=\"elementor-column elementor-col-100 elementor-top-column elementor-element elementor-element-1bd4ddd\" data-id=\"1bd4ddd\" data-element_type=\"column\">\n\t\t\t<div class=\"elementor-column-wrap elementor-element-populated\">\n\t\t\t\t\t\t\t<div class=\"elementor-widget-wrap\">\n\t\t\t\t\t\t<section class=\"elementor-section elementor-inner-section elementor-element elementor-element-23149ce lte-search-wrapper elementor-section-boxed elementor-section-height-default elementor-section-height-default\" data-id=\"23149ce\" data-element_type=\"section\" data-settings=\"{&quot;background_background&quot;:&quot;classic&quot;}\">\n\t\t\t\t\t\t<div class=\"elementor-container elementor-column-gap-no\">\n\t\t\t\t\t\t\t<div class=\"elementor-row\">\n\t\t\t\t\t<div class=\"elementor-column elementor-col-100 elementor-inner-column elementor-element elementor-element-1a38e66\" data-id=\"1a38e66\" data-element_type=\"column\">\n\t\t\t<div class=\"elementor-column-wrap elementor-element-populated\">\n\t\t\t\t\t\t\t<div class=\"elementor-widget-wrap\">\n\t\t\t\t\t\t<div class=\"elementor-element elementor-element-33ef26e lte-heading-style-italic lte-quick-search elementor-widget elementor-widget-lte-header\" data-id=\"33ef26e\" data-element_type=\"widget\" data-widget_type=\"lte-header.default\">\n\t\t\t\t<div class=\"elementor-widget-container\">\n\t\t\t<div class=\"lte-heading lte-style-italic lte-color-white lte-subcolor-main heading-tag-h6 heading-subtag-h6\"><div class=\"lte-heading-content\"><h6 class=\"lte-header\">Quick search<\/h6><\/div><\/div>\t\t<\/div>\n\t\t\t\t<\/div>\n\t\t\t\t<div class=\"elementor-element elementor-element-83a38b3 elementor-widget elementor-widget-lte-rental-search\" data-id=\"83a38b3\" data-element_type=\"widget\" data-widget_type=\"lte-rental-search.default\">\n\t\t\t\t<div class=\"elementor-widget-container\">\n\t\t\t<form role=\"search\" action=\"https:\/\/borradorproyectos.es\/ECOTAXI\/\" method=\"get\" class=\"lte-search-rental lte-style-gray\">\n\t<input type=\"hidden\" name=\"post_type\" value=\"rental\" \/>\n\t<input type=\"hidden\" name=\"rental_style\" value=\"gray\" \/>\n\t<div class=\"row\">\n\t\t<div class=\"col-lg-5ths col-lg-3 col-md-6 col-sm-6 col-xs-12\"><span class=\"fa fa-car lte-form-icon\"><\/span><select name=\"s-brand\"><option value=\"0\">Select Brand<\/option><option value=\"471\">BMW<\/option><option value=\"464\">Fiat<\/option><option value=\"473\">Ford<\/option><option value=\"470\">Mercedes<\/option><option value=\"472\">Nissan<\/option><option value=\"465\">Porche<\/option><option value=\"474\">Porsche<\/option><\/select>\n\t\t\t<\/div>\t\t<div class=\"col-lg-5ths col-lg-3 col-md-6 col-sm-6 col-xs-12\"><span class=\"fa fa-car lte-form-icon\"><\/span><select name=\"s-tags\"><option value=\"0\">Select Options<\/option><option value=\"468\">4 plazas<\/option><option value=\"462\">8 plazas<\/option><option value=\"467\">Adaptado<\/option><option value=\"485\">Equipaje extra<\/option><option value=\"463\">H\u00edbrido<\/option><option value=\"461\">WI FI<\/option><\/select>\n\t\t\t<\/div><div class=\"col-lg-5ths col-lg-3 col-md-6 col-sm-6 col-xs-12\"><span class=\"fa fa-dollar-sign lte-form-icon\"><\/span><input type=\"text\" name=\"price-from\" value=\"\" placeholder=\"Price from\"><\/div><div class=\"col-lg-5ths col-lg-3 col-md-6 col-sm-6 col-xs-12\"><span class=\"fa fa-dollar-sign lte-form-icon\"><\/span><input type=\"text\" name=\"price-to\" value=\"\" placeholder=\"Price to\"><\/div>\t\t\n\t\t<div class=\"col-lg-5ths col-lg-3 col-md-6 col-sm-6 col-xs-12\">\n\t\t\t<label class=\"lte-empty\">&nbsp;<\/label>\n\t\t\t<input type=\"submit\" value=\"Find car\" class=\"lte-btn btn-lg btn-main color-hover-black\" \/>\n\t\t<\/div>\n\t<\/div>\n<\/form>\n\n\t\t<\/div>\n\t\t\t\t<\/div>\n\t\t\t\t\t\t<\/div>\n\t\t\t\t\t<\/div>\n\t\t<\/div>\n\t\t\t\t\t\t\t\t<\/div>\n\t\t\t\t\t<\/div>\n\t\t<\/section>\n\t\t\t\t\t\t<\/div>\n\t\t\t\t\t<\/div>\n\t\t<\/div>\n\t\t\t\t\t\t\t\t<\/div>\n\t\t\t\t\t<\/div>\n\t\t<\/section>\n\t\t\t\t<section class=\"lte-background-black elementor-section elementor-top-section elementor-element elementor-element-0030ec2 lte-background-black elementor-section-boxed elementor-section-height-default elementor-section-height-default\" data-id=\"0030ec2\" data-element_type=\"section\" data-settings=\"{&quot;background_background&quot;:&quot;classic&quot;}\">\n\t\t\t\t\t\t<div class=\"elementor-container elementor-column-gap-default\">\n\t\t\t\t\t\t\t<div class=\"elementor-row\">\n\t\t\t\t\t<div class=\"elementor-column elementor-col-50 elementor-top-column elementor-element elementor-element-eb54338\" data-id=\"eb54338\" data-element_type=\"column\">\n\t\t\t<div class=\"elementor-column-wrap\">\n\t\t\t\t\t\t\t<div class=\"elementor-widget-wrap\">\n\t\t\t\t\t\t\t\t<\/div>\n\t\t\t\t\t<\/div>\n\t\t<\/div>\n\t\t\t\t<div class=\"elementor-column elementor-col-50 elementor-top-column elementor-element elementor-element-d829dec\" data-id=\"d829dec\" data-element_type=\"column\">\n\t\t\t<div class=\"elementor-column-wrap elementor-element-populated\">\n\t\t\t\t\t\t\t<div class=\"elementor-widget-wrap\">\n\t\t\t\t\t\t<div class=\"elementor-element elementor-element-8a07039 elementor-widget elementor-widget-spacer\" data-id=\"8a07039\" data-element_type=\"widget\" data-widget_type=\"spacer.default\">\n\t\t\t\t<div class=\"elementor-widget-container\">\n\t\t\t\t\t<div class=\"elementor-spacer\">\n\t\t\t<div class=\"elementor-spacer-inner\"><\/div>\n\t\t<\/div>\n\t\t\t\t<\/div>\n\t\t\t\t<\/div>\n\t\t\t\t<div class=\"elementor-element elementor-element-7f8846b lte-heading-style-header-subheader elementor-widget elementor-widget-lte-header\" data-id=\"7f8846b\" data-element_type=\"widget\" data-widget_type=\"lte-header.default\">\n\t\t\t\t<div class=\"elementor-widget-container\">\n\t\t\t<div class=\"lte-heading lte-style-header-subheader lte-underline lte-subcolor-main has-subheader heading-tag-h3 heading-subtag-h6\"><div class=\"lte-heading-content\"><h6 class=\"lte-subheader\">SOLICITA NUESTROS SERVICIOS<\/h6><h3 class=\"lte-header\">Te atenderemos desde nuestra central las 24 horas del d\u00eda, todos los d\u00edas del a\u00f1o<\/h3><\/div><\/div>\t\t<\/div>\n\t\t\t\t<\/div>\n\t\t\t\t<section class=\"elementor-section elementor-inner-section elementor-element elementor-element-32afbec elementor-section-boxed elementor-section-height-default elementor-section-height-default\" data-id=\"32afbec\" data-element_type=\"section\">\n\t\t\t\t\t\t<div class=\"elementor-container elementor-column-gap-default\">\n\t\t\t\t\t\t\t<div class=\"elementor-row\">\n\t\t\t\t\t<div class=\"elementor-column elementor-col-50 elementor-inner-column elementor-element elementor-element-ccb678b\" data-id=\"ccb678b\" data-element_type=\"column\">\n\t\t\t<div class=\"elementor-column-wrap elementor-element-populated\">\n\t\t\t\t\t\t\t<div class=\"elementor-widget-wrap\">\n\t\t\t\t\t\t<div class=\"elementor-element elementor-element-4853c3b elementor-widget elementor-widget-lte-button\" data-id=\"4853c3b\" data-element_type=\"widget\" data-widget_type=\"lte-button.default\">\n\t\t\t\t<div class=\"elementor-widget-container\">\n\t\t\t<div class=\"lte-btn-wrap\">\n\t<a href=\"\/rutas\"  class=\"lte-btn color-hover-default\"><span class=\"lte-btn-inner\"><span class=\"lte-btn-before\"><\/span>Rutas<span class=\"lte-btn-after\"><\/span><\/span><\/a><\/div>\t\t<\/div>\n\t\t\t\t<\/div>\n\t\t\t\t\t\t<\/div>\n\t\t\t\t\t<\/div>\n\t\t<\/div>\n\t\t\t\t<div class=\"elementor-column elementor-col-50 elementor-inner-column elementor-element elementor-element-4662ff7\" data-id=\"4662ff7\" data-element_type=\"column\">\n\t\t\t<div class=\"elementor-column-wrap elementor-element-populated\">\n\t\t\t\t\t\t\t<div class=\"elementor-widget-wrap\">\n\t\t\t\t\t\t<div class=\"elementor-element elementor-element-a5bf969 elementor-widget elementor-widget-lte-button\" data-id=\"a5bf969\" data-element_type=\"widget\" data-widget_type=\"lte-button.default\">\n\t\t\t\t<div class=\"elementor-widget-container\">\n\t\t\t<div class=\"lte-btn-wrap\">\n\t<a href=\"\/tarifas\"  class=\"lte-btn color-hover-default\"><span class=\"lte-btn-inner\"><span class=\"lte-btn-before\"><\/span>Tarifas<span class=\"lte-btn-after\"><\/span><\/span><\/a><\/div>\t\t<\/div>\n\t\t\t\t<\/div>\n\t\t\t\t\t\t<\/div>\n\t\t\t\t\t<\/div>\n\t\t<\/div>\n\t\t\t\t\t\t\t\t<\/div>\n\t\t\t\t\t<\/div>\n\t\t<\/section>\n\t\t\t\t<div class=\"elementor-element elementor-element-bc7ec49 elementor-widget elementor-widget-spacer\" data-id=\"bc7ec49\" data-element_type=\"widget\" data-widget_type=\"spacer.default\">\n\t\t\t\t<div class=\"elementor-widget-container\">\n\t\t\t\t\t<div class=\"elementor-spacer\">\n\t\t\t<div class=\"elementor-spacer-inner\"><\/div>\n\t\t<\/div>\n\t\t\t\t<\/div>\n\t\t\t\t<\/div>\n\t\t\t\t\t\t<\/div>\n\t\t\t\t\t<\/div>\n\t\t<\/div>\n\t\t\t\t\t\t\t\t<\/div>\n\t\t\t\t\t<\/div>\n\t\t<\/section>\n\t\t\t\t<section class=\"elementor-section elementor-top-section elementor-element elementor-element-5c281f7 elementor-section-boxed elementor-section-height-default elementor-section-height-default\" data-id=\"5c281f7\" data-element_type=\"section\">\n\t\t\t\t\t\t<div class=\"elementor-container elementor-column-gap-default\">\n\t\t\t\t\t\t\t<div class=\"elementor-row\">\n\t\t\t\t\t<div class=\"elementor-column elementor-col-100 elementor-top-column elementor-element elementor-element-1c4edac\" data-id=\"1c4edac\" data-element_type=\"column\">\n\t\t\t<div class=\"elementor-column-wrap elementor-element-populated\">\n\t\t\t\t\t\t\t<div class=\"elementor-widget-wrap\">\n\t\t\t\t\t\t<div class=\"elementor-element elementor-element-19fc68f elementor-widget elementor-widget-text-editor\" data-id=\"19fc68f\" data-element_type=\"widget\" data-widget_type=\"text-editor.default\">\n\t\t\t\t<div class=\"elementor-widget-container\">\n\t\t\t\t\t\t\t\t<div class=\"elementor-text-editor elementor-clearfix\">\n\t\t\t\t<h3>Descubre todo lo que podemos hacer por t\u00ed<\/h3>\t\t\t\t\t<\/div>\n\t\t\t\t\t\t<\/div>\n\t\t\t\t<\/div>\n\t\t\t\t<div class=\"elementor-element elementor-element-836222e elementor-widget elementor-widget-spacer\" data-id=\"836222e\" data-element_type=\"widget\" data-widget_type=\"spacer.default\">\n\t\t\t\t<div class=\"elementor-widget-container\">\n\t\t\t\t\t<div class=\"elementor-spacer\">\n\t\t\t<div class=\"elementor-spacer-inner\"><\/div>\n\t\t<\/div>\n\t\t\t\t<\/div>\n\t\t\t\t<\/div>\n\t\t\t\t<div class=\"elementor-element elementor-element-5d2e60e elementor-widget elementor-widget-lte-icons\" data-id=\"5d2e60e\" data-element_type=\"widget\" data-widget_type=\"lte-icons.default\">\n\t\t\t\t<div class=\"elementor-widget-container\">\n\t\t\t<ul class=\"lte-block-icon icons-count-6 lte-icon-space-md lte-icon-shape-default lte-icon-background-disabled lte-icon-border-disabled lte-icon-color-main lte-icon-divider-dashed lte-icon-inner-padding-no lte-icon-size-medium lte-header-color-default lte-icon-type-top lte-icon-align- lte-hover-animation-yes layout-cols3 lte-additional-disabled\"><li class=\" col-lg-4 col-md-4 col-sm-4 col-ms-6 col-xs-6\"><div   class=\"lte-inner\"><i aria-hidden=\"true\" class=\"icon icon-avatar\"><\/i><span class=\"lte-icon-content\"> <span class=\"lte-header lte-span\"> Servicios de empresa, servicios de encargo, lugares y eventos de ocio<br \/>\n <\/span> <\/span><\/div><\/li><li class=\" col-lg-4 col-md-4 col-sm-4 col-ms-6 col-xs-6\"><div   class=\"lte-inner\"><i aria-hidden=\"true\" class=\"icon icon-map\"><\/i><span class=\"lte-icon-content\"> <span class=\"lte-header lte-span\"> Desplazamientos por carretera corta y larga distancia<br \/>\n <\/span> <\/span><\/div><\/li><li class=\" col-lg-4 col-md-4 col-sm-4 col-ms-6 col-xs-6\"><div   class=\"lte-inner\"><i aria-hidden=\"true\" class=\"icon icon-airplane\"><\/i><span class=\"lte-icon-content\"> <span class=\"lte-header lte-span\"> Transfers, recogida y desplazamiento al aeropuerto, estaci\u00f3n de Renfe y AVE y estaci\u00f3n de autobuses <\/span> <\/span><\/div><\/li><li class=\" col-lg-4 col-md-4 col-sm-4 col-ms-6 col-xs-6\"><div   class=\"lte-inner\"><i aria-hidden=\"true\" class=\"icon icon-mail\"><\/i><span class=\"lte-icon-content\"> <span class=\"lte-header lte-span\"> Pide tu factura al momento de tu viaje para ti o a nombre de tu empresa. Te la imprimimos en el acto <\/span> <\/span><\/div><\/li><li class=\" col-lg-4 col-md-4 col-sm-4 col-ms-6 col-xs-6\"><div   class=\"lte-inner\"><i aria-hidden=\"true\" class=\"icon icon-seat\"><\/i><span class=\"lte-icon-content\"> <span class=\"lte-header lte-span\"> Solicita gratis (con antelaci\u00f3n) silla adaptada para beb\u00e9s y ni\u00f1os para tu trayecto <\/span> <\/span><\/div><\/li><li class=\" col-lg-4 col-md-4 col-sm-4 col-ms-6 col-xs-6\"><div   class=\"lte-inner\"><i aria-hidden=\"true\" class=\"fab fa-fort-awesome-alt\"><\/i><span class=\"lte-icon-content\"> <span class=\"lte-header lte-span\"> Visitas programadas con nuestras rutas, as\u00ed como lugares de inter\u00e9s y fiestas <\/span> <\/span><\/div><\/li><\/ul>\t\t<\/div>\n\t\t\t\t<\/div>\n\t\t\t\t<div class=\"elementor-element elementor-element-5e659ef elementor-widget elementor-widget-spacer\" data-id=\"5e659ef\" data-element_type=\"widget\" data-widget_type=\"spacer.default\">\n\t\t\t\t<div class=\"elementor-widget-container\">\n\t\t\t\t\t<div class=\"elementor-spacer\">\n\t\t\t<div class=\"elementor-spacer-inner\"><\/div>\n\t\t<\/div>\n\t\t\t\t<\/div>\n\t\t\t\t<\/div>\n\t\t\t\t\t\t<\/div>\n\t\t\t\t\t<\/div>\n\t\t<\/div>\n\t\t\t\t\t\t\t\t<\/div>\n\t\t\t\t\t<\/div>\n\t\t<\/section>\n\t\t\t\t<section class=\"elementor-section elementor-top-section elementor-element elementor-element-23e597a elementor-section-boxed elementor-section-height-default elementor-section-height-default\" data-id=\"23e597a\" data-element_type=\"section\">\n\t\t\t\t\t\t<div class=\"elementor-container elementor-column-gap-default\">\n\t\t\t\t\t\t\t<div class=\"elementor-row\">\n\t\t\t\t\t<div class=\"elementor-column elementor-col-16 elementor-top-column elementor-element elementor-element-f695b87\" data-id=\"f695b87\" data-element_type=\"column\">\n\t\t\t<div class=\"elementor-column-wrap\">\n\t\t\t\t\t\t\t<div class=\"elementor-widget-wrap\">\n\t\t\t\t\t\t\t\t<\/div>\n\t\t\t\t\t<\/div>\n\t\t<\/div>\n\t\t\t\t<div class=\"elementor-column elementor-col-66 elementor-top-column elementor-element elementor-element-ba488cd\" data-id=\"ba488cd\" data-element_type=\"column\">\n\t\t\t<div class=\"elementor-column-wrap elementor-element-populated\">\n\t\t\t\t\t\t\t<div class=\"elementor-widget-wrap\">\n\t\t\t\t\t\t<div class=\"elementor-element elementor-element-8325198 elementor-widget elementor-widget-text-editor\" data-id=\"8325198\" data-element_type=\"widget\" data-widget_type=\"text-editor.default\">\n\t\t\t\t<div class=\"elementor-widget-container\">\n\t\t\t\t\t\t\t\t<div class=\"elementor-text-editor elementor-clearfix\">\n\t\t\t\t<h3>RESERVA TU TAXI<\/h3><p>Rellena este\u00a0formulario\u00a0para solicitar una reserva. Elige la\u00a0fecha, el\u00a0veh\u00edculo\u00a0que quieras y en \u00abDetalles de tu reserva\u00bb, dinos la\u00a0hora\u00a0o solicita\u00a0extras\u00a0como\u00a0sillas de beb\u00e9, sillas de ni\u00f1os&#8230;\u00a0sin coste adicional.<\/p><p>Te enviaremos una\u00a0confirmaci\u00f3n\u00a0para que sepas que tu\u00a0reserva\u00a0est\u00e1 hecha.<\/p>\t\t\t\t\t<\/div>\n\t\t\t\t\t\t<\/div>\n\t\t\t\t<\/div>\n\t\t\t\t\t\t<\/div>\n\t\t\t\t\t<\/div>\n\t\t<\/div>\n\t\t\t\t<div class=\"elementor-column elementor-col-16 elementor-top-column elementor-element elementor-element-f9c7e56\" data-id=\"f9c7e56\" data-element_type=\"column\">\n\t\t\t<div class=\"elementor-column-wrap\">\n\t\t\t\t\t\t\t<div class=\"elementor-widget-wrap\">\n\t\t\t\t\t\t\t\t<\/div>\n\t\t\t\t\t<\/div>\n\t\t<\/div>\n\t\t\t\t\t\t\t\t<\/div>\n\t\t\t\t\t<\/div>\n\t\t<\/section>\n\t\t\t\t<section class=\"elementor-section elementor-top-section elementor-element elementor-element-a4507b8 elementor-section-boxed elementor-section-height-default elementor-section-height-default\" data-id=\"a4507b8\" data-element_type=\"section\">\n\t\t\t\t\t\t<div class=\"elementor-container elementor-column-gap-default\">\n\t\t\t\t\t\t\t<div class=\"elementor-row\">\n\t\t\t\t\t<div class=\"elementor-column elementor-col-25 elementor-top-column elementor-element elementor-element-2e99e40\" data-id=\"2e99e40\" data-element_type=\"column\">\n\t\t\t<div class=\"elementor-column-wrap\">\n\t\t\t\t\t\t\t<div class=\"elementor-widget-wrap\">\n\t\t\t\t\t\t\t\t<\/div>\n\t\t\t\t\t<\/div>\n\t\t<\/div>\n\t\t\t\t<div class=\"elementor-column elementor-col-50 elementor-top-column elementor-element elementor-element-7af811e\" data-id=\"7af811e\" data-element_type=\"column\">\n\t\t\t<div class=\"elementor-column-wrap elementor-element-populated\">\n\t\t\t\t\t\t\t<div class=\"elementor-widget-wrap\">\n\t\t\t\t\t\t<div class=\"elementor-element elementor-element-d6d9dde elementor-widget elementor-widget-shortcode\" data-id=\"d6d9dde\" data-element_type=\"widget\" data-widget_type=\"shortcode.default\">\n\t\t\t\t<div class=\"elementor-widget-container\">\n\t\t\t\t\t<div class=\"elementor-shortcode\">\n<div class=\"wpcf7 no-js\" id=\"wpcf7-f16132-o1\" lang=\"en-US\" dir=\"ltr\">\n<div class=\"screen-reader-response\"><p role=\"status\" aria-live=\"polite\" aria-atomic=\"true\"><\/p> <ul><\/ul><\/div>\n<form action=\"\/ECOTAXI\/wp-json\/wp\/v2\/pages\/18264#wpcf7-f16132-o1\" method=\"post\" class=\"wpcf7-form init\" aria-label=\"Contact form\" novalidate=\"novalidate\" data-status=\"init\">\n<div style=\"display: none;\">\n<input type=\"hidden\" name=\"_wpcf7\" value=\"16132\" \/>\n<input type=\"hidden\" name=\"_wpcf7_version\" value=\"5.7.7\" \/>\n<input type=\"hidden\" name=\"_wpcf7_locale\" value=\"en_US\" \/>\n<input type=\"hidden\" name=\"_wpcf7_unit_tag\" value=\"wpcf7-f16132-o1\" \/>\n<input type=\"hidden\" name=\"_wpcf7_container_post\" value=\"0\" \/>\n<input type=\"hidden\" name=\"_wpcf7_posted_data_hash\" value=\"\" \/>\n<\/div>\n<div class=\"row\">\n\t<div class=\"col-lg-6 col-md-12 col-xs-12\">\n\t\t<p><span class=\"fa fa-user lte-form-icon\"><\/span><span class=\"wpcf7-form-control-wrap\" data-name=\"text-nombre\"><input size=\"40\" class=\"wpcf7-form-control wpcf7-text wpcf7-validates-as-required\" aria-required=\"true\" aria-invalid=\"false\" placeholder=\"Nombre\" value=\"\" type=\"text\" name=\"text-nombre\" \/><\/span>\n\t\t<\/p>\n\t<\/div>\n\t<div class=\"col-lg-6 col-md-12 col-xs-12\">\n\t\t<p><span class=\"fa fa-phone lte-form-icon\"><\/span><span class=\"wpcf7-form-control-wrap\" data-name=\"text-telefono\"><input size=\"40\" class=\"wpcf7-form-control wpcf7-text wpcf7-validates-as-required\" aria-required=\"true\" aria-invalid=\"false\" placeholder=\"Tel\u00e9fono\" value=\"\" type=\"text\" name=\"text-telefono\" \/><\/span>\n\t\t<\/p>\n\t<\/div>\n\t<div class=\"col-lg-12 col-md-12 col-xs-12\">\n\t\t<p><span class=\"fa fa-envelope-o lte-form-icon\"><\/span><span class=\"wpcf7-form-control-wrap\" data-name=\"email-794\"><input size=\"40\" class=\"wpcf7-form-control wpcf7-text wpcf7-email wpcf7-validates-as-required wpcf7-validates-as-email\" aria-required=\"true\" aria-invalid=\"false\" placeholder=\"Email\" value=\"\" type=\"email\" name=\"email-794\" \/><\/span>\n\t\t<\/p>\n\t<\/div>\n\t<div class=\"col-lg-12 col-md-12 col-xs-12\">\n\t\t<p><span class=\"fa fa-map-marker-alt lte-form-icon\"><\/span><span class=\"wpcf7-form-control-wrap\" data-name=\"text-sitio\"><input size=\"40\" class=\"wpcf7-form-control wpcf7-text wpcf7-validates-as-required\" aria-required=\"true\" aria-invalid=\"false\" placeholder=\"Recogida\" value=\"\" type=\"text\" name=\"text-sitio\" \/><\/span>\n\t\t<\/p>\n\t<\/div>\n\t<div class=\"col-lg-12 col-md-12 col-xs-12\">\n\t\t<p><span class=\"fa fa-map-marker-alt lte-form-icon\"><\/span><span class=\"wpcf7-form-control-wrap\" data-name=\"text-destino\"><input size=\"40\" class=\"wpcf7-form-control wpcf7-text wpcf7-validates-as-required\" aria-required=\"true\" aria-invalid=\"false\" placeholder=\"Destino\" value=\"\" type=\"text\" name=\"text-destino\" \/><\/span>\n\t\t<\/p>\n\t<\/div>\n\t<div class=\"col-lg-6 col-md-12 col-xs-12\">\n\t\t<p><span class=\"fa fa-calendar-alt lte-form-icon\"><\/span><span class=\"wpcf7-form-control-wrap\" data-name=\"text-fecha\"><input size=\"40\" class=\"wpcf7-form-control wpcf7-text wpcf7-validates-as-required\" aria-required=\"true\" aria-invalid=\"false\" placeholder=\"Fecha\" value=\"\" type=\"text\" name=\"text-fecha\" \/><\/span>\n\t\t<\/p>\n\t<\/div>\n\t<div class=\"col-lg-6 col-md-12 col-xs-12\">\n\t\t<p><span class=\"fa fa-clock lte-form-icon\"><\/span><span class=\"wpcf7-form-control-wrap\" data-name=\"text-hora\"><input size=\"40\" class=\"wpcf7-form-control wpcf7-text wpcf7-validates-as-required\" aria-required=\"true\" aria-invalid=\"false\" placeholder=\"Hora\" value=\"\" type=\"text\" name=\"text-hora\" \/><\/span>\n\t\t<\/p>\n\t<\/div>\n\t<div class=\"col-lg-12 col-md-12 col-xs-12\">\n\t\t<p><span class=\"fa fa-car lte-form-icon\"><\/span><span class=\"wpcf7-form-control-wrap\" data-name=\"menu-684\"><select class=\"wpcf7-form-control wpcf7-select\" aria-invalid=\"false\" name=\"menu-684\"><option value=\"H\u00edbrido\">H\u00edbrido<\/option><option value=\"Furgoneta\">Furgoneta<\/option><option value=\"Monovolumen\">Monovolumen<\/option><\/select><\/span>\n\t\t<\/p>\n\t<\/div>\n\t<div class=\"col-lg-12 col-md-12 col-xs-12\">\n\t\t<p><span class=\"fa fa-user-friends lte-form-icon\"><\/span><span class=\"wpcf7-form-control-wrap\" data-name=\"menu-694\"><select class=\"wpcf7-form-control wpcf7-select\" aria-invalid=\"false\" name=\"menu-694\"><option value=\"Pasajeros\">Pasajeros<\/option><option value=\"1\">1<\/option><option value=\"2\">2<\/option><option value=\"3\">3<\/option><option value=\"4\">4<\/option><option value=\"5\">5<\/option><option value=\"6\">6<\/option><option value=\"7\">7<\/option><option value=\"8\">8<\/option><\/select><\/span>\n\t\t<\/p>\n\t<\/div>\n<\/div>\n<p><input class=\"wpcf7-form-control has-spinner wpcf7-submit\" type=\"submit\" value=\"Pide tu taxi\" \/>\n<\/p><div class=\"wpcf7-response-output\" aria-hidden=\"true\"><\/div>\n<\/form>\n<\/div>\n<\/div>\n\t\t\t\t<\/div>\n\t\t\t\t<\/div>\n\t\t\t\t\t\t<\/div>\n\t\t\t\t\t<\/div>\n\t\t<\/div>\n\t\t\t\t<div class=\"elementor-column elementor-col-25 elementor-top-column elementor-element elementor-element-5a432a1\" data-id=\"5a432a1\" data-element_type=\"column\">\n\t\t\t<div class=\"elementor-column-wrap\">\n\t\t\t\t\t\t\t<div class=\"elementor-widget-wrap\">\n\t\t\t\t\t\t\t\t<\/div>\n\t\t\t\t\t<\/div>\n\t\t<\/div>\n\t\t\t\t\t\t\t\t<\/div>\n\t\t\t\t\t<\/div>\n\t\t<\/section>\n\t\t\t\t\t\t\t\t\t<\/div>\n\t\t\t<\/div>\n\t\t\t\t\t<\/div>\n\t\t","protected":false},"excerpt":{"rendered":"<p>Quick search Select BrandBMWFiatFordMercedesNissanPorchePorsche Select Options4 plazas8 plazasAdaptadoEquipaje extraH\u00edbridoWI FI &nbsp; SOLICITA NUESTROS SERVICIOS Te atenderemos desde nuestra central las 24 horas del d\u00eda, todos los d\u00edas del a\u00f1o Rutas Tarifas Descubre todo lo que podemos hacer por t\u00ed Servicios de empresa, servicios de encargo, lugares y eventos de ocio Desplazamientos por carretera corta y [&hellip;]<\/p>\n","protected":false},"author":1,"featured_media":0,"parent":0,"menu_order":0,"comment_status":"closed","ping_status":"closed","template":"page-templates\/full-width.php","meta":[],"_links":{"self":[{"href":"https:\/\/borradorproyectos.es\/ECOTAXI\/wp-json\/wp\/v2\/pages\/18264"}],"collection":[{"href":"https:\/\/borradorproyectos.es\/ECOTAXI\/wp-json\/wp\/v2\/pages"}],"about":[{"href":"https:\/\/borradorproyectos.es\/ECOTAXI\/wp-json\/wp\/v2\/types\/page"}],"author":[{"embeddable":true,"href":"https:\/\/borradorproyectos.es\/ECOTAXI\/wp-json\/wp\/v2\/users\/1"}],"replies":[{"embeddable":true,"href":"https:\/\/borradorproyectos.es\/ECOTAXI\/wp-json\/wp\/v2\/comments?post=18264"}],"version-history":[{"count":41,"href":"https:\/\/borradorproyectos.es\/ECOTAXI\/wp-json\/wp\/v2\/pages\/18264\/revisions"}],"predecessor-version":[{"id":18324,"href":"https:\/\/borradorproyectos.es\/ECOTAXI\/wp-json\/wp\/v2\/pages\/18264\/revisions\/18324"}],"wp:attachment":[{"href":"https:\/\/borradorproyectos.es\/ECOTAXI\/wp-json\/wp\/v2\/media?parent=18264"}],"curies":[{"name":"wp","href":"https:\/\/api.w.org\/{rel}","templated":true}]}}